*2 - 15. Determine b(2).
-13
Let t(l) be the second derivative of l**5/20 + 7*l**4/12 - l**3/3 - 9*l**2/2 + 15*l. Calculate t(-7).
5
Suppose 8*y - 25 = 3*y. Let w(o) = 1 - o - y - 5. Suppose 0 = -5*b - 10 - 10. Determine w(b).
-5
Let w(b) = 8 - 23 - 7*b + 14. What is w(-2)?
13
Let s(m) = 2*m + 5*m + 4 - 12*m + 7*m. Calculate s(-6).
-8
Suppose 2*i + 3 = -7. Let t(w) be the third derivative of w**6/720 - w**5/120 + w**4/12 + 4*w**2. Let m(o) be the second derivative of t(o). Give m(i).
-6
Let x(z) be the third derivative of -z**6/120 + z**5/12 + 5*z**4/24 - 7*z**3/6 - 9*z**2. Determine x(6).
-13
Let s be (-4)/(-14) + (-133)/(-49). Suppose -5*d - 21 + 1 = 4*w, 0 = d + s*w + 15. Let f(t) be the second derivative of t**3/6 + t**2 - t. Determine f(d).
2
Suppose 2*l - 5 = -j, 0 = 3*j + l - 14 - 1. Let c(r) = -r**2 - 7*r + 2. Let w(x) = 6*x**2 + 36*x - 11. Let d(i) = -11*c(i) - 2*w(i). Give d(j).
0
Let r(g) = -g**3 - 4*g**2 + 4*g - 3. Let q be r(-5). Let k(x) = 2 + 4*x**q + 2*x + 1 + 2 - 1 + x**3. What is k(-3)?
7
Let o(t) be the first derivative of -t**4/12 + t**3/6 + 3*t**2/2 - 3. Let r(h) be the second derivative of o(h). Suppose -g = -4*g + 3. Determine r(g).
-1
Let q(a) = -8*a + 4*a - 3*a + 4*a - 4*a**2 + 4 - a**3. Give q(-3).
4
Let m(z) = z**3 + 8*z**2 - 2*z - 10. Suppose -2 = h, 0 = 3*s - 2*h - 3*h + 14. What is m(s)?
6
Let i(j) = 2*j**2 - 9*j + 3. Let p be i(4). Let m(g) = 3*g**2 + 1. Give m(p).
4
Let q = 11 + 1. Suppose 10 = -q*j + 17*j. Let r(c) = 0 - 3*c - 1 + 3. Determine r(j).
-4
Let y(p) be the second derivative of p**3/3 + 39*p. What is y(5)?
10
Let r(a) = a**2 - 2*a + 4. Let m be r(3). Let h = 7 - m. Suppose -5*c + 2*n - 23 = h, -c + 5*c - 2*n = -18. Let f(v) = -v**3 - 4*v**2 + 4*v + 3. Give f(c).
8
Let s(k) = -k**3 - 8*k**2 - 9*k - 10. Suppose -24 = 2*f + 3*c + 5, 0 = -4*f + 2*c - 18. Calculate s(f).
4
Let w(f) = -2*f**3 - 5*f**2 - 15*f - 11. Let o(z) = z**3 + 3*z**2 + 7*z + 5. Let a(n) = 5*o(n) + 2*w(n). Give a(-4).
-1
Let r(d) = -3*d + 0 + 0 + 1. Let a be r(2). Let z(g) be the first derivative of -g**3/3 - 2*g**2 + 7*g - 4. Give z(a).
2
Let c = -16 + 22. Let f(m) be the first derivative of m**5/60 - m**4/4 - 7*m**2/2 + 8. Let d(n) be the second derivative of f(n). Give d(c).
0
Let a(f) = -f**2 - 3*f + 6. Let o be a(-4). Suppose -5*c = 0, 5*x + 3*c + 12 = o. Let b(z) = 4*z**2 + 3*z. What is b(x)?
10
Suppose 1 = -3*h + 4*c, 2*c + 5 = h + 8. Let t(l) be the second derivative of l**2/2 - l. Let z(a) = -a + 8. Let v(w) = -10*t(w) + 2*z(w). Determine v(h).
-4
Let n be -3*(4/(-6) + 0). Let x(k) = 2*k**2 + 0*k**n + k**2 - 1. Calculate x(1).
2
Let m = 21 - 16. Let w(g) = g + m*g - 4*g - 2 - g. Calculate w(-6).
-8
Let q(l) = -15*l + 1. Let v = 32 - 33. Calculate q(v).
16
Let z(t) = -t**2 + 5*t + 2. Let q be z(5). Let v be (-4*1)/2 + q. Suppose c = 5, v*m - 13 = 3*m - 2*c. Let a(p) = -p - 1. Give a(m).
0
Let l = -2 + 5. Let h(u) = u - 6. Let j(c) = 1. Let o(f) = -h(f) - 5*j(f). Determine o(l).
-2
Let n(r) be the third derivative of -1/120*r**6 - 1/6*r**3 - 7*r**2 + 0*r**5 + 0 - 1/24*r**4 + 0*r. Determine n(0).
-1
Let v(b) = b**2 + 5*b. Suppose 5 = -c - o, 4*o = -0 + 4. What is v(c)?
6
Let x(v) = 15*v + 1. Let i(g) = -g - 1. Let c(j) = -2*i(j) - x(j). Let f(b) = 4*b. Suppose 2*n - 6 = 5*n. Let u(y) = n*c(y) - 7*f(y). What is u(-2)?
2
Suppose 3*t + 5*d - 10 = -2*t, 2 = 3*t + 5*d. Let r(p) = -p**3 + 5*p**2 - 2*p + 4. Calculate r(t).
12
Suppose 5*t - 2*s - 25 = 0, 3*s + 4 = t - 1. Let a(u) = -t*u + u + 7 + 2*u. Let v(y) = -4*y**2 + 12*y - 3. Let d be v(2). What is a(d)?
-3
Let k be -6 + 7 + -2 + 1. Suppose 2*h + 4*c - 2 = k, -2*c - c = 4*h - 4. Let j(x) = 7*x. Calculate j(h).
7
Let u(a) = -3*a**3 - 7*a**2 - 8*a - 9. Let r(z) = 7*z**3 + 14*z**2 + 16*z + 18. Let x(h) = -2*r(h) - 5*u(h). What is x(-6)?
-3
Let l(i) be the second derivative of -i**3/3 + 3*i**2 - 9*i. Let k be l(0). Let w(m) = -2*m**2 - 3*m + 3*m**2 - 2*m - 7. What is w(k)?
-1
Suppose 2*s + 5*j + 16 = 0, -4*s + j = -0*j - 12. Suppose -22 = 5*f - s. Let d(h) = 3*h + 2. Give d(f).
-10
Let w(t) be the second derivative of 1/2*t**2 + 1/6*t**3 - 4*t + 0. Suppose -17 = -4*p - 1. Give w(p).
5
Let w(k) = -k**3 + 4*k**2 + 2*k + 2*k - 5*k. Let h = -8 - -11. Determine w(h).
6
Let s(p) be the first derivative of -p + 1/3*p**3 - 4 + 3/2*p**2. Suppose 0 = c - 6*c - 15. Calculate s(c).
-1
Let a = -15 + 18. Suppose -3*d = 5*s - 8, -a*d = 2*s + s - 6. Let z(n) = 17*n**2 - 1. Calculate z(s).
16
Let q(j) = -j**2 - 5*j + 5. Let b = 3 - 19. Let g = -10 - b. Suppose -g*a - 30 = -a. Calculate q(a).
-1
Let g(s) = s**2 + 2*s - 4. Let o = -9 + -18. Let m = o - -24. Calculate g(m).
-1
Let q(a) = -1. Let s(p) = p - 5. Let i(k) = -6*q(k) + s(k). Let b(u) = -3*u - 6. Let l(g) = b(g) + 4*i(g). Give l(3).
1
Let h be 1/(-5) + (-11)/(-5). Let p(t) = 2*t**2 + 0 - h*t + 5 + 0 - 2 - t**3. Give p(2).
-1
Suppose -2*r = r. Suppose r = -3*m - 5*n + 9, n + 3 = m + 6*n. Let q(i) = i**m - 3*i + 2*i - i**2 + 2*i**2. Give q(1).
1
Let c(s) = 10*s**3 + s**2 + s - 1. Let j be (-6)/(-4)*16/3. Suppose j*d - 4 = 4*d. Calculate c(d).
11
Let i(y) = -5*y**2 - 3*y. Let r(d) = -2*d**2 - 2*d + 2. Let q be r(1). Give i(q).
-14
Suppose -4*t - 17 = 3. Let s(f) = -f**2 - 4*f + 6. Let x be s(t). Let o be 3 + (-2 - 1/x). Let y(g) = g - 9. What is y(o)?
-9
Suppose 2*y - 3*y = 1. Let b(p) = 22*p**2 - p - 1. What is b(y)?
22
Suppose -4*z - z = 30. Let c(a) = a**3 + 7*a**2 + 6*a + 1. Determine c(z).
1
Let c(m) = -3*m + 5. Let d(k) = k + 2. Let s be d(-2). Let x = 1 - s. Let l be ((-2 - -1)*-4)/x. Determine c(l).
-7
Let n(k) be the third derivative of k**4/24 - 2*k**3 - 20*k**2. What is n(7)?
-5
Let w(x) = 2*x**3 - 6*x**2 - 4*x - 2. Let q(j) = -3*j**3 + 7*j**2 + 4*j + 2. Let k(l) = 3*q(l) + 4*w(l). Calculate k(-2).
2
Let q(z) = z. Let l be (-12)/(-18)*9/(-2). Let i(y) = -y**2 - 2*y - 1. Let u be i(l). What is q(u)?
-4
Let y = 10 - 7. Let p(l) = 6 + 4*l**2 - y*l**2 - l - l**2 + l**2. Determine p(0).
6
Suppose 4*n - n + 5*p + 14 = 0, 2*n + p = 0. Let b(d) = 3 - 2*d**3 - 2 + 1 + d**n + 3*d**3. Determine b(0).
2
Suppose -i + 3*m + 7 = 0, i - 1 = -2*m + 1. Let z(w) = -i*w - 2*w**2 - 2 - w**3 + w + 0*w**2. Suppose 12*c + 37 - 13 = 0. Give z(c).
4
Suppose 23 = 5*d + 3. Let m(u) = 5 - 6*u + 9*u - d*u. Give m(0).
5
Let c(b) = b**3 + 5*b**2 - b. Let y be c(-5). Let w(r) be the first derivative of r**4/24 + r**2 - 1. Let k(i) be the second derivative of w(i). Give k(y).
5
Let w(a) be the second derivative of 5*a**4/24 + a**3/2 - 5*a**2/2 - 5*a. Let i(p) be the first derivative of w(p). Suppose -3*u - 9 + 3 = 0. What is i(u)?
-7
Let x = 47 - 42. Let t(y) = 3*y**2 - 4*y**2 - 3*y + 9*y - 4. Calculate t(x).
1
Let b = -12 + 15. Let g(r) = -b - 4 + 5 + r. What is g(6)?
4
Let p(r) be the second derivative of -r**5/20 + r**3/6 + r**2 - 3*r. Let f(s) = s**3 - 2*s**2. Let k be f(2). Determine p(k).
2
Let l(y) = 5*y - 13. Let d(w) = 2*w - 6. Let g(i) = 14*d(i) - 6*l(i). Suppose 14 = -p + 2*u, 0*u - 2*u - 10 = 3*p. What is g(p)?
6
Suppose -l = -7 + 3. Let f(v) = v - 1. Calculate f(l).
3
Let n(i) = -5*i**3 + 5*i**2 + 7*i + 7. Let f(h) = 9*h**3 - 9*h**2 - 13*h - 14. Let y(r) = 6*f(r) + 11*n(r). Calculate y(0).
-7
Let c(m) = m**2 + m - 2. Suppose -2*y + 5*z - 16 = 0, -7*z + 14 = y - 4*z. Determine c(y).
4
Let v(u) = 4*u + 1. Let a = -106 - -110. Determine v(a).
17
Let s(f) be the first derivative of -1/2*f**2 - 5*f + 2. Give s(-4).
-1
Let o(p) = 2*p**2 - 5*p - 1. Let u(b) = 6*b**2 - 14*b - 2. Let x(w) = 8*o(w) - 3*u(w). Calculate x(2).
-6
Let v(k) be the third derivative of k**5/60 + 5*k**4/12 + 3*k**3/2 + 3*k**2. Give v(-6).
-15
Let z(o) = -o + 1. Let j(g) = g. Let l(i) = -j(i) - 3*z(i). Give l(2).
1
Let f(r) = 2*r - 6. Let p(d) = -d**3 - 7*d**2 + 8*d + 6. Let h be p(-8). Determine f(h).
6
Let l = -10 + 27. Suppose 3*i - 4*j - j + l = 0, 2*i + 3*j = -5. Let n(q) = -q**3 - 5*q**2 - q + 3. Determine n(i).
-9
Let s(z) = -3*z**2 + 5*z - 1. Let w(k) = 7*k**2 - 10*k + 3. Suppose 0 = -12*j + 7*j + 35. Let u = -5 + j. Let n(i) = u*w(i) + 5*s(i). What is n(5)?
1
Let i(f) = 10*f**2 + 16*f - 8. Let y(u) = -3*u**2 - 5*u + 3. Let w(x) = -2*i(x) - 7*y(x). Determine w(-5).
5
Let r(t) be the third derivative of -t**4/24 - t**2. Let v = 14 - 16. Give r(v).
2
Let q(d) be the first derivative